102. Calculate the greatest common factor of 110 and a.
22
Let d(g) = -g**3 - 48*g**2 - 78*g + 60. Let m be d(-47). What is the highest common factor of m and 37?
37
Let r(y) = -y**3 - 9*y**2 + 29. Let c be r(-9). Let i(x) = -41*x + 27. Let k be i(-5). Calculate the greatest common divisor of k and c.
29
Let m(h) be the first derivative of -h**2 + 21*h + 34. Let b be m(8). What is the highest common divisor of 45 and b?
5
Let j(k) = -k**2 + 8*k - 2. Let a be j(6). Let b(t) = 3*t - 4. Let x be b(3). Suppose -152 = -x*u - 52. Calculate the greatest common factor of u and a.
10
Suppose 0*j = j - 317. Suppose 0 = 8*l - 771 + 2283. Let d = l + j. What is the highest common divisor of d and 16?
16
Let m(d) = d**3 + d**2 - 6*d + 2. Let h be m(3). Suppose s = 5*y - 62, -3*y + 2*y + h = -4*s. Calculate the greatest common divisor of y and 18.
6
Let v(t) = -t - 2. Let u = -3 + 8. Suppose 18 = -u*d - 12. Let l be v(d). Calculate the greatest common divisor of l and 12.
4
Suppose 45 = 5*g + 4*m, -g = 2*g + 3*m - 30. Suppose g*f - 98 = -63. What is the highest common divisor of 7 and f?
7
Let t = 97 + -35. Suppose 5*g - t - 138 = 0. Let c be (-798)/(-8) - (-16)/64. What is the greatest common factor of g and c?
20
Let h be (6/(-21))/(4/(-14)). Let q be (h + -2)/(3188/638 + -5). Let u = 11 + 18. What is the greatest common factor of q and u?
29
Suppose -39*p = -35*p + 236. Let u = p - -129. Calculate the greatest common factor of u and 20.
10
Suppose 437 = 27*b - 292. What is the highest common factor of b and 171?
9
Suppose -2*q + 3*k = -0 - 4, 0 = 2*k - 4. Let g be 58/8 + 3/(-12). Let a be (-1*3/3)/(g/(-245)). Calculate the greatest common factor of a and q.
5
Suppose -18*r = -19*r + 43. Calculate the highest common factor of 301 and r.
43
Let q = -1898 + 2451. What is the greatest common divisor of 316 and q?
79
Let h be (-2)/1*(-14 + 4/(-4)). Suppose -5*p + h = -0*p. Calculate the highest common factor of p and 24.
6
Suppose 5*v + 62 + 13 = 0. Let k be ((-2)/(-4))/(1/(-10)). Let m = k - v. What is the highest common divisor of m and 2?
2
Suppose 5*k + 4*a = 27, 3*k - 9 = -k + a. Let x = 5 - k. Suppose -4*y - 2*r = -40, 0 = x*y + 3*r - 4*r - 20. Calculate the highest common divisor of y and 30.
10
Suppose -3*k + 3 = -4*z - 9, 5*z = -k - 15. Suppose k = -10*w + 15*w - 425. Calculate the greatest common divisor of 34 and w.
17
Suppose 15*a = -3*a + 144. Let v be (-10)/15 - 340/(-6). What is the greatest common factor of v and a?
8
Suppose 66 - 126 = -4*o. Calculate the highest common factor of o and 810.
15
Let l = -53 - -13. Let s be (-12)/(-1)*l/(-30). Suppose -2 = -i + s. What is the highest common factor of 162 and i?
18
Suppose -3*u + 9 = 0, 7*y - 27 = 3*y - u. Suppose -3*m + 4*m = 24. Calculate the greatest common factor of y and m.
6
Suppose 0*n + 2*o - 14 = -n, -2*o = 4*n - 44. What is the greatest common divisor of 70 and n?
10
Let d = -44 - -53. Let g be (d/4)/(((-7)/1)/(-420)). What is the greatest common factor of 15 and g?
15
Let q be (-12)/(-16) - (-205)/4. Let k be (-1 - q/(-20))*10. Let r = k + -2. Calculate the greatest common divisor of 154 and r.
14
Let v = -3 + 4. Let d be v/((-2 - 1)/(-27)). Calculate the highest common factor of d and 18.
9
Suppose 44 = 4*f + 5*u, f + u = -3*f + 60. Suppose 2*p + 32 = 4*p. What is the greatest common divisor of p and f?
16
Suppose 0*b = -2*b + 6, -h + 7 = b. Suppose -h*k = -6 - 18. Suppose -5*i = 2*c - k*c + 76, -5*i + 36 = 4*c. What is the greatest common factor of c and 56?
14
Let x(w) = w**3 + 17*w**2 - 21*w - 42. Let s be x(-18). Let r(g) = -11*g + 2. Let p be r(-2). Calculate the greatest common divisor of p and s.
12
Let i(g) = 27*g - 37. Let t(a) = -2*a**2 - 9*a + 25. Let p be t(-6). Let h be i(p). Calculate the highest common factor of 19 and h.
19
Suppose 5*s - f + 15 = 130, 0 = -5*s - 2*f + 130. Calculate the highest common divisor of 24 and s.
24
Let i = -920 + 1313. Calculate the highest common factor of i and 3.
3
Suppose -4*o + o + 75 = 0. Suppose 5*i = -3*x - 12, -3*x - 2 = 3*i + 10. Let d be 0/(-3) - (x + -1). Calculate the greatest common divisor of d and o.
5
Suppose 3 = -3*l, 0 = -3*w - 3*l + 85 - 460. Let q = -113 - w. Calculate the greatest common divisor of q and 33.
11
Let p(q) = q + 6. Let w be p(0). Let s = 5141 + -5137. Calculate the greatest common factor of s and w.
2
Let r be (2/(-3))/(-6*(-7)/(-3969)). Calculate the greatest common factor of r and 112.
7
Let i(j) = 5*j**3 + 3*j - 3. Let x be i(2). Let l = x - 33. Calculate the highest common factor of l and 30.
10
Suppose 0 = 12*h - 273 - 1527. What is the greatest common divisor of h and 6?
6
Let h be (2/(-6))/(-2*1/24). Suppose -b = h*b - 70. Calculate the greatest common divisor of b and 7.
7
Suppose -280 = -4*h + 5*p, -3*h - 5*p = -3*p - 210. Calculate the highest common factor of 5 and h.
5
Suppose 239 = 7*a + 43. What is the highest common factor of 12 and a?
4
Suppose 221 = 116*w - 359. Let i = -96 + 136. What is the greatest common factor of i and w?
5
Let n = 342 + -335. What is the highest common factor of 203 and n?
7
Let r(l) = -l**3 - 25*l**2 - 47*l - 1. Let m be r(-23). Let z(t) = 16*t + 1. Let g be z(2). Calculate the greatest common divisor of m and g.
11
Let z = -12879 - -12882. Suppose 0 = -2*r + 10 - 4. Suppose -4*c - 2*o + 32 = 0, 4*c - r*o - 12 = -0*c. Calculate the greatest common divisor of c and z.
3
Let o(v) = -v**3 + 5*v**2 - v + 884. Let h be o(0). Calculate the highest common factor of h and 156.
52
Suppose 5*p - 1600 = -4*t, -4*p - 2*t = -409 - 877. Let u = -38 - -74. What is the highest common factor of u and p?
36
Let u(l) = l**3 - 12*l**2 - l + 11. Let f be u(12). Let i be 3 - (-1 + 0/f). Suppose 100 = i*d + d. What is the greatest common factor of d and 180?
20
Let g(o) = -3*o - 9. Let a be g(-7). Suppose 5*p - p = -s + 259, 2*s = p + 563. Let z = -147 + s. Calculate the greatest common divisor of a and z.
12
Suppose f = 5*f - 16. Let l be 56/(-84) + (-32)/6. Let g be (-38)/l - f/12. What is the greatest common factor of g and 66?
6
Let k(t) = 3*t**2 - 31*t + 20. Let j be k(11). What is the greatest common divisor of j and 12?
6
Suppose 5*i - 2 = 118. Let y = -594 - -810. What is the greatest common divisor of y and i?
24
Suppose 3*o - 2*o - 4*k - 215 = 0, -5*o = -2*k - 1039. Let l be 24/(-12)*(-46)/4. Calculate the highest common divisor of l and o.
23
Let a = -261 - -277. What is the highest common factor of 400 and a?
16
Suppose 3*m - 2*x + 70 = 0, 6*m - 2*m = -5*x - 55. Let t = 29 + m. Let y be 26/65 + 176/10. Calculate the highest common divisor of t and y.
9
Suppose 3*p - 46 = 68. What is the highest common divisor of p and 57?
19
Let p = -342 + 558. Suppose 18*x = 15*x + 4*k + 85, 4 = -4*k. What is the highest common divisor of p and x?
27
Suppose -2*j - 374 = -19*j. Calculate the greatest common divisor of j and 374.
22
Let u be 3 + (-24)/16 + (-2031)/(-6). What is the highest common factor of 255 and u?
85
Let d(u) = -5*u - 10 + 2 + u - 23. Let y be d(-8). Calculate the greatest common factor of 10 and y.
1
Let m = -1486 + 1564. Calculate the greatest common factor of 102 and m.
6
Let u(p) = p**2 - 2*p + 1. Suppose 0 = -4*k + b - 14, -10 = 4*b + b. Let j be u(k). What is the greatest common factor of j and 100?
25
Let p(o) = 7*o + 7. Let r be p(-5). Let t be (-2121)/r + (-4)/(-16). What is the greatest common factor of t and 190?
38
Let r(c) = 10*c**3 + 2*c**2 + 2*c - 2. Let m be r(2). Let i be 36/(-5)*((-38)/4 + 7). Calculate the greatest common divisor of m and i.
18
Suppose -19*j - 84 = -20*j. What is the highest common factor of j and 147?
21
Let h be (-3)/((-51)/480*19 + 2). Suppose -l + 5*l = -20, 4*l + h = 2*f. What is the highest common factor of 105 and f?
35
Suppose 4*b = 3*b + 4*y + 16, -8 = 4*y. Suppose -3*q = -b*q + 40. What is the highest common factor of q and 28?
4
Let c(q) = -q**3 - 9*q**2 + 5*q - 36. Let v be c(-10). What is the highest common factor of v and 2?
2
Let h = -13746 - -13748. Suppose -2*d + 14 = c, -2*d + 26 = 4*c - 0*d. Calculate the greatest common factor of h and c.
2
Suppose -4*m = -20 - 4. Let d = 206 + -200. Calculate the greatest common divisor of d and m.
6
Let r be (58/(-4))/(8/(-80)). Let d(c) = c**3 - 12*c**2 + 3*c - 7. Let p be d(12)